the greatest common factor of 187 and p.
11
Suppose 149*u - 146*u - 5*g - 429 = 0, -g = -u + 143. Let p(j) = 13*j**2 + 2*j. Let w be p(-1). Calculate the highest common divisor of u and w.
11
Suppose 2*g - 42 = -3*w, 2*w + 59 = 5*g - 2*w. Suppose -4*u - 1 = 3*s, s - 2*u = -0*s + 13. Calculate the greatest common factor of g and s.
5
Suppose -3*d + 47 = -5*q, -5*q + d - 48 = 1. Let o = q - -38. Let s be 3/15 - (-55404)/180. What is the highest common factor of o and s?
28
Let t = -1452296 + 1452348. Let i = 41 + -9. Calculate the greatest common divisor of t and i.
4
Suppose 0 = 155*r - 154*r - 2. Suppose 0 = -5*i - 2*f + 400, r*f + 298 = 4*i - 22. What is the highest common divisor of 40 and i?
40
Suppose -3685 = -33*t - 33*t - 2299. Let o be (-733)/(-5) + 4/10. Calculate the greatest common factor of t and o.
21
Suppose -6*x = -4*q + 1506, -358 - 16 = -q + 4*x. What is the highest common divisor of 5481 and q?
189
Suppose 139182*w - 139197*w = -1320. What is the greatest common divisor of w and 328?
8
Suppose 17424 = 157*l - 141*l. Calculate the highest common factor of l and 847.
121
Let v = 14240 - 14042. Calculate the greatest common factor of 1364 and v.
22
Let n(c) = -c**3 + 5*c**2 - c - 1. Let a be n(5). Let k(x) = -16*x + 13. Let q be k(a). Let i = 121 - q. Calculate the greatest common divisor of 60 and i.
12
Let i(w) = 7*w**2 - 12*w - 20. Let f be (117/13)/(3*1/(-2)). Let l be i(f). What is the greatest common factor of l and 19?
19
Suppose -1195 = 5*d + 1415. Let n = d - -738. Calculate the greatest common divisor of n and 8.
8
Suppose -u - 2*f + 12 = 0, -157*f = -u - 153*f + 36. What is the highest common factor of 476 and u?
4
Let j be ((-10)/(-8) + (-13)/(-52))*124. What is the highest common factor of 2697 and j?
93
Suppose -11*s + 16*s = -1300. Let d = -240 - s. Calculate the highest common divisor of 45 and d.
5
Suppose 0 = -5*v + 4*v - 35. Let b = -1434 - -1476. Let u = b + v. Calculate the greatest common divisor of 84 and u.
7
Suppose 3*x + 3 = 3*g, 3*x = -6 - 3. Let p be 8/(2/5*(-1)/g). Calculate the greatest common divisor of p and 280.
40
Let m = -605 - -6163. What is the greatest common divisor of 14 and m?
14
Suppose 10115 = -28*g + 12286 + 16841. Calculate the highest common factor of 119 and g.
7
Suppose -2*y + 189 - 35 = 0. Suppose 243 = 5*v - y. Suppose 5*h = -3*c + 28, 0*c + 24 = 2*h - 2*c. What is the highest common factor of v and h?
8
Let d(k) = 13*k - 81. Let m be d(15). Suppose 23*l = 20*l + m. What is the highest common factor of l and 304?
38
Let z be 1209/15 - 13/(65/(-2)). Suppose 2944 = -z*k + 97*k. What is the highest common divisor of 69 and k?
23
Suppose 0 = -907*g + 11902 - 1925. Let t be (-17)/(-1*2/22). Calculate the highest common divisor of t and g.
11
Let s = -48 + 53. Let y be 1 + s/(5/59). Suppose 4 = v + 5*z - 23, -5*z = 4*v - 63. What is the highest common factor of y and v?
12
Suppose -23234 - 13474 = -38*z. What is the greatest common divisor of z and 1242?
138
Let i = -194 - -338. Let f be (-898)/(17/((-85)/10)). Let t = f - 433. What is the greatest common divisor of t and i?
16
Suppose 322089 = 85*j - 137591. What is the highest common divisor of 32 and j?
32
Let s be (-35)/(-14) + 2/4 - -2. Suppose s*c - 15*c = -560. Let g be c/(-4 + 3 - -3). Calculate the greatest common divisor of 224 and g.
28
Suppose 6*d - d - p + 47 = 0, -3*d = -4*p + 35. Let o = 909 - 961. Let h be -12 - d - 1*o. What is the greatest common factor of h and 14?
7
Let y be (-1)/((-2)/(-60)) + 0. Let n = -2 - 23. Let t = n - y. What is the highest common divisor of 40 and t?
5
Let k = -15 + 20. Suppose -18 - 32 = -k*c. Suppose -31*l + 36*l - c = 0. What is the highest common divisor of l and 2?
2
Suppose -3*k + 171 + 285 = 0. Let f = 24 + -8. Calculate the highest common divisor of k and f.
8
Let f = -13563 + 16209. What is the greatest common divisor of f and 36?
18
Suppose -63 = 13*v - 947. Calculate the greatest common divisor of 136 and v.
68
Let l(g) = -2*g**3 + 26*g**2 - 16*g - 80. Let v be l(12). What is the greatest common divisor of 616 and v?
8
Suppose 0 = -o + 2*b + 40, 2*o - 6*o - 3*b = -182. Calculate the greatest common factor of o and 16.
4
Let w(a) = 54*a + 1235. Let m be w(-20). Suppose -3*q = 2*v - 269, 2*q - 194 = v - 6*v. Let c = q + -56. What is the highest common divisor of m and c?
31
Let z(s) = 4*s - 5. Let b be z(13). Let l be b + ((-1)/(2/(-8)) - 1). Calculate the highest common factor of l and 125.
25
Let g(t) = -t**2 - t + 4. Let q be g(0). Suppose 99 + 461 = q*r. What is the greatest common divisor of 28 and r?
28
Let d = 42 + -45. Let b be 3 - (d/(-4))/((-1)/(-4)). Suppose 0 = -3*y - 15, b*y - 9 = -r + y. Calculate the greatest common divisor of r and 4.
4
Let v be 408/(-85)*(0 + (-100)/3). What is the greatest common divisor of v and 170?
10
Let q(g) = -g**3 + g**2 - 3*g + 114. Let v be q(0). What is the highest common factor of 1862 and v?
38
Suppose 2*z - 384 = 4*k - 10884, -4*z - 5250 = -2*k. Let l be (-48)/(-14)*k/150. What is the greatest common divisor of 100 and l?
20
Let h(g) = g**3 + 9*g**2 + 8*g - 4. Suppose 0 = -4*k - 9*k - 39. Let r be h(k). Calculate the highest common divisor of r and 26.
26
Let z(v) = -3*v**2 + 8*v + 42. Let a(p) = 4*p**2 - 9*p - 40. Let f(h) = 5*a(h) + 6*z(h). Let j be f(8). Calculate the greatest common factor of j and 68.
68
Let l be (-318)/(-27) + (-2)/(-9). Let d be (77/2 - (-134 + 134))*(-24)/(-7). What is the highest common divisor of d and l?
12
Let y = 12866 + -11590. Calculate the greatest common divisor of y and 44.
44
Suppose 0 = -2*o + 2, -1221*d + 2*o = -1220*d - 274. What is the greatest common divisor of 6969 and d?
69
Let o(q) be the third derivative of -q**5/30 + 67*q**4/24 + 5*q**3 + 19*q**2 - q. Let z be o(33). What is the greatest common divisor of z and 18?
9
Suppose -8*f + 11*f - 18 = 0. Suppose -l + 3*x = 3, f*l - 4*l = -x + 8. Suppose -2*w + 10 = -44. Calculate the greatest common factor of l and w.
3
Let k(g) = g**3 - g. Let a be k(1). Let u be 3 + -6 + (111 - a). Suppose -3*z - u = -3*q - 39, q = -3*z + 39. What is the highest common divisor of 297 and q?
27
Let i = 5398 - 5098. What is the highest common divisor of i and 625?
25
Suppose 3*d = u + 379, 660 = 5*d - 91*u + 95*u. What is the greatest common divisor of d and 48?
16
Let f = 173 + -121. Suppose 3*o - 1245 = -n, 0 = -3*o + n + 349 + 902. Calculate the highest common factor of o and f.
52
Suppose -b = -5*s + 252 - 3086, -8593 = -3*b + 2*s. Calculate the greatest common divisor of 19 and b.
19
Let c = -12 - -20. Let o be (-77)/22*4/(-7). Suppose -3*t = 3*m - 21, -o*m = 5*t - 6 - c. Calculate the greatest common factor of m and 7.
7
Let i = 2775 + -2743. Calculate the greatest common divisor of 6624 and i.
32
Suppose p - 6 + 2 = 0. Suppose -182 = p*w - 17*w. Let z = 222 - 152. Calculate the highest common divisor of z and w.
14
Let p be (2 + -11)/((-9)/12). Let b be 204/(-9)*p/(-8). Suppose 5*s + 2*v - 27 = 56, 4*v + 4 = 0. What is the highest common factor of s and b?
17
Let n(j) = 2*j**3 + 24*j**2 + 40*j + 250. Let s be n(-11). Let t = 29 - -10. Calculate the greatest common divisor of t and s.
13
Suppose -3404*f + 484764 = -3376*f. Calculate the greatest common divisor of 87 and f.
87
Let o = -623 + 628. Let s be 2/3*(-9)/(-3). Let p(y) = 3*y**2 - 2*y + 2. Let b be p(s). Calculate the greatest common factor of b and o.
5
Suppose -5*z + 95 = 5*x, -16*z + 17*z + 3*x - 11 = 0. Suppose z*r = 1333 - 45. Calculate the greatest common divisor of r and 7.
7
Suppose 4*v + v = 510. Suppose a + 16 = t + t, 3*t - 10 = -2*a. What is the greatest common divisor of v and t?
6
Let a(o) = 65 + 108 + 71 - 285 + 5*o. Let t be a(9). Suppose -y + 28 = m - 0*m, -4*y - 16 = 0. Calculate the greatest common divisor of m and t.
4
Let f = -3732 + 3756. What is the highest common divisor of 32 and f?
8
Let v(l) = l**3 + 6*l**2 - 3*l - 1. Let q be v(-3). Let z be (-372)/5*(-18 + 6 - -2). Let r = -429 + z. Calculate the greatest common factor of q and r.
35
Let u = 2 - 1. Let s be (6 + (-3 - 1))*2*u. Suppose -s*t + 134 = -190. Calculate the greatest common divisor of 27 and t.
27
Suppose -4992 = -66*f + 34*f. Let n be 1756/22 + f/858. Calculate the highest common divisor of 1040 and n.
80
Le